{"id":777,"date":"2023-06-10T11:23:07","date_gmt":"2023-06-10T09:23:07","guid":{"rendered":"https:\/\/ilmaggiolino.commercefree.eu\/?post_type=product&#038;p=777"},"modified":"2024-03-16T15:10:12","modified_gmt":"2024-03-16T14:10:12","slug":"completo-letto-parc-guell","status":"publish","type":"product","link":"https:\/\/ilmaggiolino.commercefree.eu\/?product=completo-letto-parc-guell","title":{"rendered":"Completo letto Parc G\u00fcell"},"content":{"rendered":"<p>Percalle stampato. Il lenzuolo e la federa, in percalle di puro cotone stampato, sono arricchiti da una balza in tinta unita dello stesso colore del lenzuolo con angoli.<\/p>\n<p>Articolo dalle trame colorate ideale per chi \u00e8 in cerca di freschezza nella propria camera. La collezione riprende con una stampa geometrica le sfumature irregolari e il divertente dinamismo dei mosaici in vetro e ceramica del famoso parco di Barcellona. Il sotto con angoli \u00e8 in tinta unita comprensivo di elastico sull&#8217;intero lato testa e lato piedi, che offre versatilit\u00e0 anche su misure di materasso pi\u00f9 piccole. Il sopra \u00e8 stampato e impreziosito da un bordo in tinta unita che dar\u00e0 definizione al risvolto del lenzuolo. Le federe incluse nel completo sono stampate e rifinite con un bordo a contrasto in tinta unita.<\/p>\n<p>2 piazze:<br \/>\n&#8211; Sopra 260&#215;295 cm<br \/>\n&#8211; Sotto 180x200x30 cm<br \/>\n&#8211; 2 federe 52&#215;82 cm<\/p>\n<p>1 piazza:<\/p>\n<p>-sopra 160&#215;295<\/p>\n<p>-sotto 90x200x30<\/p>\n<p>-1 fodera 52&#215;82<\/p>\n<p>&nbsp;<\/p>\n<p>&nbsp;<\/p>\n","protected":false},"excerpt":{"rendered":"<p>Percalle stampato. Il lenzuolo e la federa, in percalle di puro cotone stampato, sono arricchiti da una balza in tinta unita dello stesso colore del lenzuolo con angoli. Articolo dalle trame colorate ideale per chi \u00e8 in cerca di freschezza nella propria camera. La collezione riprende con una stampa geometrica le sfumature irregolari e il [&hellip;]<\/p>\n","protected":false},"featured_media":778,"comment_status":"open","ping_status":"closed","template":"","meta":[],"product_cat":[58],"product_tag":[],"_links":{"self":[{"href":"https:\/\/ilmaggiolino.commercefree.eu\/index.php?rest_route=\/wp\/v2\/product\/777"}],"collection":[{"href":"https:\/\/ilmaggiolino.commercefree.eu\/index.php?rest_route=\/wp\/v2\/product"}],"about":[{"href":"https:\/\/ilmaggiolino.commercefree.eu\/index.php?rest_route=\/wp\/v2\/types\/product"}],"replies":[{"embeddable":true,"href":"https:\/\/ilmaggiolino.commercefree.eu\/index.php?rest_route=%2Fwp%2Fv2%2Fcomments&post=777"}],"wp:featuredmedia":[{"embeddable":true,"href":"https:\/\/ilmaggiolino.commercefree.eu\/index.php?rest_route=\/wp\/v2\/media\/778"}],"wp:attachment":[{"href":"https:\/\/ilmaggiolino.commercefree.eu\/index.php?rest_route=%2Fwp%2Fv2%2Fmedia&parent=777"}],"wp:term":[{"taxonomy":"product_cat","embeddable":true,"href":"https:\/\/ilmaggiolino.commercefree.eu\/index.php?rest_route=%2Fwp%2Fv2%2Fproduct_cat&post=777"},{"taxonomy":"product_tag","embeddable":true,"href":"https:\/\/ilmaggiolino.commercefree.eu\/index.php?rest_route=%2Fwp%2Fv2%2Fproduct_tag&post=777"}],"curies":[{"name":"wp","href":"https:\/\/api.w.org\/{rel}","templated":true}]}}