{"id":798,"date":"2023-06-10T11:50:08","date_gmt":"2023-06-10T09:50:08","guid":{"rendered":"https:\/\/ilmaggiolino.commercefree.eu\/?post_type=product&#038;p=798"},"modified":"2023-06-10T11:50:08","modified_gmt":"2023-06-10T09:50:08","slug":"parure-copripiumino-monet","status":"publish","type":"product","link":"https:\/\/ilmaggiolino.commercefree.eu\/?product=parure-copripiumino-monet","title":{"rendered":"Parure copripiumino Monet"},"content":{"rendered":"<p>Preziosa stampa digitale. Percalle di puro cotone. La faccia superiore delle federe e del sacco sono in percalle di puro cotone stampato in digitale, l&#8217;altra faccia \u00e8 in percalle di puro cotone tinta unita.<\/p>\n<p><strong>Dimensioni:<\/strong><br \/>\n2 piazze:<br \/>\n&#8211; Sacco 250&#215;260 cm<br \/>\n&#8211; 2 federe 52&#215;82 cm con sistema di fissaggio Twins\u00ae<\/p>\n<p>La poesia del giardino di Giverny che ha ispirato le pi\u00f9 famose opere di MONET \u00e8 catturata nella collezione che porta il nome del pittore impressionista. Un macro disegno floreale prende forma in un effetto acquarellato regalando freschezza alla camera da letto. Le pennellate di colore degradano fino a diventare quasi impercettibili, mescolando con estrema grazia le tonalit\u00e0 di stagione. Il disegno prende luce e tridimensionalit\u00e0 su una base bianca per poi celarsi in maniera quasi seducente quando \u00e8 abbinato a un fondo grigio perla, appena mosso.<\/p>\n<p>&nbsp;<\/p>\n","protected":false},"excerpt":{"rendered":"<p>Preziosa stampa digitale. Percalle di puro cotone. La faccia superiore delle federe e del sacco sono in percalle di puro cotone stampato in digitale, l&#8217;altra faccia \u00e8 in percalle di puro cotone tinta unita. Dimensioni: 2 piazze: &#8211; Sacco 250&#215;260 cm &#8211; 2 federe 52&#215;82 cm con sistema di fissaggio Twins\u00ae La poesia del giardino [&hellip;]<\/p>\n","protected":false},"featured_media":799,"comment_status":"open","ping_status":"closed","template":"","meta":[],"product_cat":[58],"product_tag":[],"_links":{"self":[{"href":"https:\/\/ilmaggiolino.commercefree.eu\/index.php?rest_route=\/wp\/v2\/product\/798"}],"collection":[{"href":"https:\/\/ilmaggiolino.commercefree.eu\/index.php?rest_route=\/wp\/v2\/product"}],"about":[{"href":"https:\/\/ilmaggiolino.commercefree.eu\/index.php?rest_route=\/wp\/v2\/types\/product"}],"replies":[{"embeddable":true,"href":"https:\/\/ilmaggiolino.commercefree.eu\/index.php?rest_route=%2Fwp%2Fv2%2Fcomments&post=798"}],"wp:featuredmedia":[{"embeddable":true,"href":"https:\/\/ilmaggiolino.commercefree.eu\/index.php?rest_route=\/wp\/v2\/media\/799"}],"wp:attachment":[{"href":"https:\/\/ilmaggiolino.commercefree.eu\/index.php?rest_route=%2Fwp%2Fv2%2Fmedia&parent=798"}],"wp:term":[{"taxonomy":"product_cat","embeddable":true,"href":"https:\/\/ilmaggiolino.commercefree.eu\/index.php?rest_route=%2Fwp%2Fv2%2Fproduct_cat&post=798"},{"taxonomy":"product_tag","embeddable":true,"href":"https:\/\/ilmaggiolino.commercefree.eu\/index.php?rest_route=%2Fwp%2Fv2%2Fproduct_tag&post=798"}],"curies":[{"name":"wp","href":"https:\/\/api.w.org\/{rel}","templated":true}]}}